{"id":2083,"date":"2022-05-31T15:10:48","date_gmt":"2022-05-31T13:10:48","guid":{"rendered":"https:\/\/campingmunicipalcapleucate-mss.fr\/sol-y-fiesta\/"},"modified":"2024-02-16T15:21:45","modified_gmt":"2024-02-16T14:21:45","slug":"sol-y-fiesta","status":"publish","type":"page","link":"https:\/\/campingmunicipalcapleucate-mss.fr\/de\/sol-y-fiesta\/","title":{"rendered":"Sol y Fiesta"},"content":{"rendered":"\n<div class=\"wp-block-cover ms-100-b\"><span aria-hidden=\"true\" class=\"has-background-dim-40 wp-block-cover__gradient-background has-background-dim\"><\/span><img width=\"2000\" height=\"1125\" class=\"wp-block-cover__image-background wp-image-1552\" alt=\"affiche sol y fiesta\" src=\"https:\/\/campingmunicipalcapleucate-mss.fr\/wp-content\/uploads\/2022\/03\/studiofesti-reverie-e1557739439903.jpg\" style=\"object-position:47% 22%\" data-object-fit=\"cover\" data-object-position=\"47% 22%\" srcset=\"https:\/\/campingmunicipalcapleucate-mss.fr\/wp-content\/uploads\/2022\/03\/studiofesti-reverie-e1557739439903.jpg 2000w, https:\/\/campingmunicipalcapleucate-mss.fr\/wp-content\/uploads\/2022\/03\/studiofesti-reverie-e1557739439903-300x169.jpg 300w, https:\/\/campingmunicipalcapleucate-mss.fr\/wp-content\/uploads\/2022\/03\/studiofesti-reverie-e1557739439903-1024x576.jpg 1024w, https:\/\/campingmunicipalcapleucate-mss.fr\/wp-content\/uploads\/2022\/03\/studiofesti-reverie-e1557739439903-768x432.jpg 768w, https:\/\/campingmunicipalcapleucate-mss.fr\/wp-content\/uploads\/2022\/03\/studiofesti-reverie-e1557739439903-1536x864.jpg 1536w\" sizes=\"(max-width: 2000px) 100vw, 2000px\" \/><div class=\"wp-block-cover__inner-container\">\n<h1 class=\"has-text-align-center has-blanc-color has-text-color\" id=\"mondial-du-vent-leucate\">Sol y Fiesta in Leucate<\/h1>\n<\/div><\/div>\n\n\n\n<section class=\"wp-container-69ee7b450dac9 wp-block-group ms-70-a has-fond-background-color has-background\"><div class=\"wp-block-group__inner-container\">\n<div class=\"wp-block-columns\">\n<div class=\"wp-block-column is-vertically-aligned-top\">\n<h2 id=\"louer-un-mobil-home-a-leucate-tout-confort-a-50-m-de-la-plage\">Sol y Fiesta, das internationale Festival der Stra\u00dfenauff\u00fchrungen<\/h2>\n\n\n\n<p>Nutzen Sie Ihren Aufenthalt auf unserem Campingplatz in Leucate, um das Internationale Festival der Stra\u00dfenauff\u00fchrungen zu entdecken!<\/p>\n\n\n\n<h3 class=\"has-principale-color has-text-color\" id=\"votre-location-mobil-home-languedoc-roussillon-au-pied-des-meilleurs-spots-de-glisse-de-l-aude\">Leucate lebt jedes Jahr <strong>am Himmelfahrtswochenende<\/strong> im Rhythmus der <strong>Feierlichkeiten des Sol y Fiesta-Festivals<\/strong> .<\/h3>\n\n\n\n<p>Machen Sie einen Spaziergang und bestaunen Sie die verschiedenen Shows, die angeboten werden: Zauberei, Unterhaltung, Blaskapellen und Orchester, Theater, Folklore, etwas, das Jung und Alt begeistert!<\/p>\n<\/div>\n\n\n\n<div class=\"wp-block-column is-vertically-aligned-center\">\n<figure class=\"wp-block-gallery has-nested-images columns-3 is-cropped\">\n<figure class=\"wp-block-image size-large\"><img width=\"1024\" height=\"682\" src=\"https:\/\/campingmunicipalcapleucate-mss.fr\/wp-content\/uploads\/2022\/03\/parade-sol-y-fiesta-2-1920x1278-1-1024x682.jpg\" alt=\"festival sol y fiesta leucate\" class=\"wp-image-1575\" srcset=\"https:\/\/campingmunicipalcapleucate-mss.fr\/wp-content\/uploads\/2022\/03\/parade-sol-y-fiesta-2-1920x1278-1-1024x682.jpg 1024w, https:\/\/campingmunicipalcapleucate-mss.fr\/wp-content\/uploads\/2022\/03\/parade-sol-y-fiesta-2-1920x1278-1-300x200.jpg 300w, https:\/\/campingmunicipalcapleucate-mss.fr\/wp-content\/uploads\/2022\/03\/parade-sol-y-fiesta-2-1920x1278-1-768x511.jpg 768w, https:\/\/campingmunicipalcapleucate-mss.fr\/wp-content\/uploads\/2022\/03\/parade-sol-y-fiesta-2-1920x1278-1-1536x1022.jpg 1536w, https:\/\/campingmunicipalcapleucate-mss.fr\/wp-content\/uploads\/2022\/03\/parade-sol-y-fiesta-2-1920x1278-1.jpg 1920w\" sizes=\"(max-width: 1024px) 100vw, 1024px\" \/><\/figure>\n\n\n\n<figure class=\"wp-block-image size-large\"><img width=\"1024\" height=\"768\" src=\"https:\/\/campingmunicipalcapleucate-mss.fr\/wp-content\/uploads\/2022\/03\/solyfiesta-15-1920x1440-1-1024x768.jpg\" alt=\"jeu lumi\u00e8re sol y fiesta\" class=\"wp-image-1578\" srcset=\"https:\/\/campingmunicipalcapleucate-mss.fr\/wp-content\/uploads\/2022\/03\/solyfiesta-15-1920x1440-1-1024x768.jpg 1024w, https:\/\/campingmunicipalcapleucate-mss.fr\/wp-content\/uploads\/2022\/03\/solyfiesta-15-1920x1440-1-300x225.jpg 300w, https:\/\/campingmunicipalcapleucate-mss.fr\/wp-content\/uploads\/2022\/03\/solyfiesta-15-1920x1440-1-768x576.jpg 768w, https:\/\/campingmunicipalcapleucate-mss.fr\/wp-content\/uploads\/2022\/03\/solyfiesta-15-1920x1440-1-1536x1152.jpg 1536w, https:\/\/campingmunicipalcapleucate-mss.fr\/wp-content\/uploads\/2022\/03\/solyfiesta-15-1920x1440-1.jpg 1920w\" sizes=\"(max-width: 1024px) 100vw, 1024px\" \/><\/figure>\n\n\n\n<figure class=\"wp-block-image size-large\"><img width=\"1024\" height=\"512\" src=\"https:\/\/campingmunicipalcapleucate-mss.fr\/wp-content\/uploads\/2022\/03\/sol-y-fiesta-1920x960-1-1024x512.jpg\" alt=\"effets lumi\u00e8re sol y fiesta\" class=\"wp-image-1581\" srcset=\"https:\/\/campingmunicipalcapleucate-mss.fr\/wp-content\/uploads\/2022\/03\/sol-y-fiesta-1920x960-1-1024x512.jpg 1024w, https:\/\/campingmunicipalcapleucate-mss.fr\/wp-content\/uploads\/2022\/03\/sol-y-fiesta-1920x960-1-300x150.jpg 300w, https:\/\/campingmunicipalcapleucate-mss.fr\/wp-content\/uploads\/2022\/03\/sol-y-fiesta-1920x960-1-768x384.jpg 768w, https:\/\/campingmunicipalcapleucate-mss.fr\/wp-content\/uploads\/2022\/03\/sol-y-fiesta-1920x960-1-1536x768.jpg 1536w, https:\/\/campingmunicipalcapleucate-mss.fr\/wp-content\/uploads\/2022\/03\/sol-y-fiesta-1920x960-1.jpg 1920w\" sizes=\"(max-width: 1024px) 100vw, 1024px\" \/><\/figure>\n<\/figure>\n<\/div>\n<\/div>\n<\/div><\/section>\n\n\n\n<section class=\"wp-container-69ee7b450dec4 wp-block-group ms-80-a\"><div class=\"wp-block-group__inner-container\">\n<div style=\"height:130px\" aria-hidden=\"true\" class=\"wp-block-spacer\"><\/div>\n\n\n\n<div class=\"wp-block-columns\">\n<div class=\"wp-block-column is-vertically-aligned-center\">\n<figure class=\"wp-block-image size-large\"><img width=\"768\" height=\"1024\" src=\"https:\/\/campingmunicipalcapleucate-mss.fr\/wp-content\/uploads\/2022\/03\/solyfiesta-rotated-1920x2560-1-768x1024.jpg\" alt=\"spectacle nuit sol y fiesta\" class=\"wp-image-1572\" srcset=\"https:\/\/campingmunicipalcapleucate-mss.fr\/wp-content\/uploads\/2022\/03\/solyfiesta-rotated-1920x2560-1-768x1024.jpg 768w, https:\/\/campingmunicipalcapleucate-mss.fr\/wp-content\/uploads\/2022\/03\/solyfiesta-rotated-1920x2560-1-225x300.jpg 225w, https:\/\/campingmunicipalcapleucate-mss.fr\/wp-content\/uploads\/2022\/03\/solyfiesta-rotated-1920x2560-1-1152x1536.jpg 1152w, https:\/\/campingmunicipalcapleucate-mss.fr\/wp-content\/uploads\/2022\/03\/solyfiesta-rotated-1920x2560-1-1536x2048.jpg 1536w, https:\/\/campingmunicipalcapleucate-mss.fr\/wp-content\/uploads\/2022\/03\/solyfiesta-rotated-1920x2560-1.jpg 1920w\" sizes=\"(max-width: 768px) 100vw, 768px\" \/><\/figure>\n<\/div>\n\n\n\n<div class=\"wp-block-column\">\n<figure class=\"wp-block-image size-large\"><img width=\"769\" height=\"1024\" src=\"https:\/\/campingmunicipalcapleucate-mss.fr\/wp-content\/uploads\/2022\/03\/solyfiesta-7-1920x2557-1-769x1024.jpg\" alt=\"d\u00e9fil\u00e9 rue sol y fiesta\" class=\"wp-image-1569\" srcset=\"https:\/\/campingmunicipalcapleucate-mss.fr\/wp-content\/uploads\/2022\/03\/solyfiesta-7-1920x2557-1-769x1024.jpg 769w, https:\/\/campingmunicipalcapleucate-mss.fr\/wp-content\/uploads\/2022\/03\/solyfiesta-7-1920x2557-1-225x300.jpg 225w, https:\/\/campingmunicipalcapleucate-mss.fr\/wp-content\/uploads\/2022\/03\/solyfiesta-7-1920x2557-1-768x1023.jpg 768w, https:\/\/campingmunicipalcapleucate-mss.fr\/wp-content\/uploads\/2022\/03\/solyfiesta-7-1920x2557-1-1153x1536.jpg 1153w, https:\/\/campingmunicipalcapleucate-mss.fr\/wp-content\/uploads\/2022\/03\/solyfiesta-7-1920x2557-1-1538x2048.jpg 1538w, https:\/\/campingmunicipalcapleucate-mss.fr\/wp-content\/uploads\/2022\/03\/solyfiesta-7-1920x2557-1.jpg 1920w\" sizes=\"(max-width: 769px) 100vw, 769px\" \/><\/figure>\n<\/div>\n\n\n\n<div class=\"wp-block-column is-vertically-aligned-bottom\">\n<figure class=\"wp-block-image size-full\"><img width=\"350\" height=\"390\" src=\"https:\/\/campingmunicipalcapleucate-mss.fr\/wp-content\/uploads\/2022\/01\/Rectangle-7-4.jpg\" alt=\"repas entre amis leucate\" class=\"wp-image-354\" srcset=\"https:\/\/campingmunicipalcapleucate-mss.fr\/wp-content\/uploads\/2022\/01\/Rectangle-7-4.jpg 350w, https:\/\/campingmunicipalcapleucate-mss.fr\/wp-content\/uploads\/2022\/01\/Rectangle-7-4-269x300.jpg 269w\" sizes=\"(max-width: 350px) 100vw, 350px\" \/><\/figure>\n<\/div>\n<\/div>\n<\/div><\/section>\n\n\n\n<section class=\"wp-container-69ee7b450e234 wp-block-group ms-70-b has-fond-background-color has-background\"><div class=\"wp-block-group__inner-container\">\n<h2 class=\"has-text-align-center\" id=\"documents-utiles-pour-preparer-votre-sejour\">Das Fest im Detail<\/h2>\n\n\n\n<div class=\"wp-block-columns\">\n<div class=\"wp-block-column\">\n<h3 class=\"has-secondaire-color has-text-color\"><strong>Verfahren<\/strong><\/h3>\n\n\n\n<p>Das Festival Fiesta y Sol findet an zwei <strong>vollen Tagen<\/strong> im Zentrum von Leucate statt. Musik- und Theatertruppen aus aller Welt kommen zu diesem wunderbaren Fest zusammen, das es nun schon seit 20 Jahren gibt.<\/p>\n\n\n\n<p><strong>Das Programm beginnt um 15<\/strong> Uhr, machen Sie einen Spaziergang in Leucate auf der Suche nach den Shows, die Ihre Aufmerksamkeit erregen. Bewundern Sie bei Einbruch der Dunkelheit die Illuminationen, die Schl\u00fcsselereignisse erwachen zum Leben. Finden Sie auch die <strong>Grand Parade, eine einzigartige Show, die das Dorf durchquert!<\/strong><\/p>\n<\/div>\n\n\n\n<div class=\"wp-block-column\">\n<h3 class=\"has-secondaire-color has-text-color\"><strong>Wiederherstellen<\/strong><\/h3>\n\n\n\n<p>Entdecken Sie neben Shows und Unterhaltung eine sch\u00f6ne gastronomische Route. Leucate bietet <strong>Restaurants, Gesch\u00e4fte und Vereine, aber auch Bodegas<\/strong> , die Wahl wird nicht einfach sein!<\/p>\n\n\n\n<h3 class=\"has-secondaire-color has-text-color\">Verkehr<\/h3>\n\n\n\n<p>Aus organisatorischen Gr\u00fcnden ist der Verkehr im Ort in dieser Zeit gesperrt. Aus Sicherheitsgr\u00fcnden stehen am Dorfeingang kostenlose Parkpl\u00e4tze zur Verf\u00fcgung.<\/p>\n<\/div>\n<\/div>\n<\/div><\/section>\n\n\n\n<p><\/p>\n","protected":false},"excerpt":{"rendered":"<p>Sol y Fiesta, das internationale Festival der Stra\u00dfenauff\u00fchrungen Nutzen Sie Ihren Aufenthalt auf unserem Campingplatz in Leucate, um das Internationale Festival der Stra\u00dfenauff\u00fchrungen zu entdecken! Leucate lebt jedes Jahr am Himmelfahrtswochenende im Rhythmus der Feierlichkeiten des Sol y Fiesta-Festivals . Machen Sie einen Spaziergang und bestaunen Sie die verschiedenen Shows, die angeboten werden: Zauberei, Unterhaltung, [&hellip;]<\/p>\n","protected":false},"author":1,"featured_media":0,"parent":0,"menu_order":0,"comment_status":"closed","ping_status":"closed","template":"","meta":[],"acf":[],"_links":{"self":[{"href":"https:\/\/campingmunicipalcapleucate-mss.fr\/de\/wp-json\/wp\/v2\/pages\/2083"}],"collection":[{"href":"https:\/\/campingmunicipalcapleucate-mss.fr\/de\/wp-json\/wp\/v2\/pages"}],"about":[{"href":"https:\/\/campingmunicipalcapleucate-mss.fr\/de\/wp-json\/wp\/v2\/types\/page"}],"author":[{"embeddable":true,"href":"https:\/\/campingmunicipalcapleucate-mss.fr\/de\/wp-json\/wp\/v2\/users\/1"}],"replies":[{"embeddable":true,"href":"https:\/\/campingmunicipalcapleucate-mss.fr\/de\/wp-json\/wp\/v2\/comments?post=2083"}],"version-history":[{"count":4,"href":"https:\/\/campingmunicipalcapleucate-mss.fr\/de\/wp-json\/wp\/v2\/pages\/2083\/revisions"}],"predecessor-version":[{"id":3750,"href":"https:\/\/campingmunicipalcapleucate-mss.fr\/de\/wp-json\/wp\/v2\/pages\/2083\/revisions\/3750"}],"wp:attachment":[{"href":"https:\/\/campingmunicipalcapleucate-mss.fr\/de\/wp-json\/wp\/v2\/media?parent=2083"}],"curies":[{"name":"wp","href":"https:\/\/api.w.org\/{rel}","templated":true}]}}

<div class="wp-block-cover ms-100-b"><span aria-hidden="true" class="has-background-dim-40 wp-block-cover__gradient-background has-background-dim"></span><img width="2000" height="1125" class="wp-block-cover__image-background wp-image-1552" alt="affiche sol y fiesta" src="https://campingmunicipalcapleucate-mss.fr/wp-content/uploads/2022/03/studiofesti-reverie-e1557739439903.jpg" style="object-position:47% 22%" data-object-fit="cover" data-object-position="47% 22%" srcset="https://campingmunicipalcapleucate-mss.fr/wp-content/uploads/2022/03/studiofesti-reverie-e1557739439903.jpg 2000w, https://campingmunicipalcapleucate-mss.fr/wp-content/uploads/2022/03/studiofesti-reverie-e1557739439903-300x169.jpg 300w, https://campingmunicipalcapleucate-mss.fr/wp-content/uploads/2022/03/studiofesti-reverie-e1557739439903-1024x576.jpg 1024w, https://campingmunicipalcapleucate-mss.fr/wp-content/uploads/2022/03/studiofesti-reverie-e1557739439903-768x432.jpg 768w, https://campingmunicipalcapleucate-mss.fr/wp-content/uploads/2022/03/studiofesti-reverie-e1557739439903-1536x864.jpg 1536w" sizes="(max-width: 2000px) 100vw, 2000px" /><div class="wp-block-cover__inner-container">
<h1 class="has-text-align-center has-blanc-color has-text-color" id="mondial-du-vent-leucate">Sol y Fiesta in Leucate</h1>
</div></div>



<section class="wp-container-69ee7b450dac9 wp-block-group ms-70-a has-fond-background-color has-background"><div class="wp-block-group__inner-container">
<div class="wp-block-columns">
<div class="wp-block-column is-vertically-aligned-top">
<h2 id="louer-un-mobil-home-a-leucate-tout-confort-a-50-m-de-la-plage">Sol y Fiesta, das internationale Festival der Straßenaufführungen</h2>



<p>Nutzen Sie Ihren Aufenthalt auf unserem Campingplatz in Leucate, um das Internationale Festival der Straßenaufführungen zu entdecken!</p>



<h3 class="has-principale-color has-text-color" id="votre-location-mobil-home-languedoc-roussillon-au-pied-des-meilleurs-spots-de-glisse-de-l-aude">Leucate lebt jedes Jahr <strong>am Himmelfahrtswochenende</strong> im Rhythmus der <strong>Feierlichkeiten des Sol y Fiesta-Festivals</strong> .</h3>



<p>Machen Sie einen Spaziergang und bestaunen Sie die verschiedenen Shows, die angeboten werden: Zauberei, Unterhaltung, Blaskapellen und Orchester, Theater, Folklore, etwas, das Jung und Alt begeistert!</p>
</div>



<div class="wp-block-column is-vertically-aligned-center">
<figure class="wp-block-gallery has-nested-images columns-3 is-cropped">
<figure class="wp-block-image size-large"><img width="1024" height="682" src="https://campingmunicipalcapleucate-mss.fr/wp-content/uploads/2022/03/parade-sol-y-fiesta-2-1920x1278-1-1024x682.jpg" alt="festival sol y fiesta leucate" class="wp-image-1575" srcset="https://campingmunicipalcapleucate-mss.fr/wp-content/uploads/2022/03/parade-sol-y-fiesta-2-1920x1278-1-1024x682.jpg 1024w, https://campingmunicipalcapleucate-mss.fr/wp-content/uploads/2022/03/parade-sol-y-fiesta-2-1920x1278-1-300x200.jpg 300w, https://campingmunicipalcapleucate-mss.fr/wp-content/uploads/2022/03/parade-sol-y-fiesta-2-1920x1278-1-768x511.jpg 768w, https://campingmunicipalcapleucate-mss.fr/wp-content/uploads/2022/03/parade-sol-y-fiesta-2-1920x1278-1-1536x1022.jpg 1536w, https://campingmunicipalcapleucate-mss.fr/wp-content/uploads/2022/03/parade-sol-y-fiesta-2-1920x1278-1.jpg 1920w" sizes="(max-width: 1024px) 100vw, 1024px" /></figure>



<figure class="wp-block-image size-large"><img width="1024" height="768" src="https://campingmunicipalcapleucate-mss.fr/wp-content/uploads/2022/03/solyfiesta-15-1920x1440-1-1024x768.jpg" alt="jeu lumière sol y fiesta" class="wp-image-1578" srcset="https://campingmunicipalcapleucate-mss.fr/wp-content/uploads/2022/03/solyfiesta-15-1920x1440-1-1024x768.jpg 1024w, https://campingmunicipalcapleucate-mss.fr/wp-content/uploads/2022/03/solyfiesta-15-1920x1440-1-300x225.jpg 300w, https://campingmunicipalcapleucate-mss.fr/wp-content/uploads/2022/03/solyfiesta-15-1920x1440-1-768x576.jpg 768w, https://campingmunicipalcapleucate-mss.fr/wp-content/uploads/2022/03/solyfiesta-15-1920x1440-1-1536x1152.jpg 1536w, https://campingmunicipalcapleucate-mss.fr/wp-content/uploads/2022/03/solyfiesta-15-1920x1440-1.jpg 1920w" sizes="(max-width: 1024px) 100vw, 1024px" /></figure>



<figure class="wp-block-image size-large"><img width="1024" height="512" src="https://campingmunicipalcapleucate-mss.fr/wp-content/uploads/2022/03/sol-y-fiesta-1920x960-1-1024x512.jpg" alt="effets lumière sol y fiesta" class="wp-image-1581" srcset="https://campingmunicipalcapleucate-mss.fr/wp-content/uploads/2022/03/sol-y-fiesta-1920x960-1-1024x512.jpg 1024w, https://campingmunicipalcapleucate-mss.fr/wp-content/uploads/2022/03/sol-y-fiesta-1920x960-1-300x150.jpg 300w, https://campingmunicipalcapleucate-mss.fr/wp-content/uploads/2022/03/sol-y-fiesta-1920x960-1-768x384.jpg 768w, https://campingmunicipalcapleucate-mss.fr/wp-content/uploads/2022/03/sol-y-fiesta-1920x960-1-1536x768.jpg 1536w, https://campingmunicipalcapleucate-mss.fr/wp-content/uploads/2022/03/sol-y-fiesta-1920x960-1.jpg 1920w" sizes="(max-width: 1024px) 100vw, 1024px" /></figure>
</figure>
</div>
</div>
</div></section>



<section class="wp-container-69ee7b450dec4 wp-block-group ms-80-a"><div class="wp-block-group__inner-container">
<div style="height:130px" aria-hidden="true" class="wp-block-spacer"></div>



<div class="wp-block-columns">
<div class="wp-block-column is-vertically-aligned-center">
<figure class="wp-block-image size-large"><img width="768" height="1024" src="https://campingmunicipalcapleucate-mss.fr/wp-content/uploads/2022/03/solyfiesta-rotated-1920x2560-1-768x1024.jpg" alt="spectacle nuit sol y fiesta" class="wp-image-1572" srcset="https://campingmunicipalcapleucate-mss.fr/wp-content/uploads/2022/03/solyfiesta-rotated-1920x2560-1-768x1024.jpg 768w, https://campingmunicipalcapleucate-mss.fr/wp-content/uploads/2022/03/solyfiesta-rotated-1920x2560-1-225x300.jpg 225w, https://campingmunicipalcapleucate-mss.fr/wp-content/uploads/2022/03/solyfiesta-rotated-1920x2560-1-1152x1536.jpg 1152w, https://campingmunicipalcapleucate-mss.fr/wp-content/uploads/2022/03/solyfiesta-rotated-1920x2560-1-1536x2048.jpg 1536w, https://campingmunicipalcapleucate-mss.fr/wp-content/uploads/2022/03/solyfiesta-rotated-1920x2560-1.jpg 1920w" sizes="(max-width: 768px) 100vw, 768px" /></figure>
</div>



<div class="wp-block-column">
<figure class="wp-block-image size-large"><img width="769" height="1024" src="https://campingmunicipalcapleucate-mss.fr/wp-content/uploads/2022/03/solyfiesta-7-1920x2557-1-769x1024.jpg" alt="défilé rue sol y fiesta" class="wp-image-1569" srcset="https://campingmunicipalcapleucate-mss.fr/wp-content/uploads/2022/03/solyfiesta-7-1920x2557-1-769x1024.jpg 769w, https://campingmunicipalcapleucate-mss.fr/wp-content/uploads/2022/03/solyfiesta-7-1920x2557-1-225x300.jpg 225w, https://campingmunicipalcapleucate-mss.fr/wp-content/uploads/2022/03/solyfiesta-7-1920x2557-1-768x1023.jpg 768w, https://campingmunicipalcapleucate-mss.fr/wp-content/uploads/2022/03/solyfiesta-7-1920x2557-1-1153x1536.jpg 1153w, https://campingmunicipalcapleucate-mss.fr/wp-content/uploads/2022/03/solyfiesta-7-1920x2557-1-1538x2048.jpg 1538w, https://campingmunicipalcapleucate-mss.fr/wp-content/uploads/2022/03/solyfiesta-7-1920x2557-1.jpg 1920w" sizes="(max-width: 769px) 100vw, 769px" /></figure>
</div>



<div class="wp-block-column is-vertically-aligned-bottom">
<figure class="wp-block-image size-full"><img width="350" height="390" src="https://campingmunicipalcapleucate-mss.fr/wp-content/uploads/2022/01/Rectangle-7-4.jpg" alt="repas entre amis leucate" class="wp-image-354" srcset="https://campingmunicipalcapleucate-mss.fr/wp-content/uploads/2022/01/Rectangle-7-4.jpg 350w, https://campingmunicipalcapleucate-mss.fr/wp-content/uploads/2022/01/Rectangle-7-4-269x300.jpg 269w" sizes="(max-width: 350px) 100vw, 350px" /></figure>
</div>
</div>
</div></section>



<section class="wp-container-69ee7b450e234 wp-block-group ms-70-b has-fond-background-color has-background"><div class="wp-block-group__inner-container">
<h2 class="has-text-align-center" id="documents-utiles-pour-preparer-votre-sejour">Das Fest im Detail</h2>



<div class="wp-block-columns">
<div class="wp-block-column">
<h3 class="has-secondaire-color has-text-color"><strong>Verfahren</strong></h3>



<p>Das Festival Fiesta y Sol findet an zwei <strong>vollen Tagen</strong> im Zentrum von Leucate statt. Musik- und Theatertruppen aus aller Welt kommen zu diesem wunderbaren Fest zusammen, das es nun schon seit 20 Jahren gibt.</p>



<p><strong>Das Programm beginnt um 15</strong> Uhr, machen Sie einen Spaziergang in Leucate auf der Suche nach den Shows, die Ihre Aufmerksamkeit erregen. Bewundern Sie bei Einbruch der Dunkelheit die Illuminationen, die Schlüsselereignisse erwachen zum Leben. Finden Sie auch die <strong>Grand Parade, eine einzigartige Show, die das Dorf durchquert!</strong></p>
</div>



<div class="wp-block-column">
<h3 class="has-secondaire-color has-text-color"><strong>Wiederherstellen</strong></h3>



<p>Entdecken Sie neben Shows und Unterhaltung eine schöne gastronomische Route. Leucate bietet <strong>Restaurants, Geschäfte und Vereine, aber auch Bodegas</strong> , die Wahl wird nicht einfach sein!</p>



<h3 class="has-secondaire-color has-text-color">Verkehr</h3>



<p>Aus organisatorischen Gründen ist der Verkehr im Ort in dieser Zeit gesperrt. Aus Sicherheitsgründen stehen am Dorfeingang kostenlose Parkplätze zur Verfügung.</p>
</div>
</div>
</div></section>



<p></p>

<p>Sol y Fiesta, das internationale Festival der Straßenaufführungen Nutzen Sie Ihren Aufenthalt auf unserem Campingplatz in Leucate, um das Internationale Festival der Straßenaufführungen zu entdecken! Leucate lebt jedes Jahr am Himmelfahrtswochenende im Rhythmus der Feierlichkeiten des Sol y Fiesta-Festivals . Machen Sie einen Spaziergang und bestaunen Sie die verschiedenen Shows, die angeboten werden: Zauberei, Unterhaltung, [&hellip;]</p>
